10. What is h(9)?
134
Let x(y) = -y**3 + 11*y**2 - 3*y + 12. Determine x(11).
-21
Let n(j) = 104*j + 86. What is n(-2)?
-122
Let d(n) = 5*n**3 - 2*n**2 + 9*n + 29. Calculate d(-4).
-359
Let p(o) = 667*o + 673. Give p(-1).
6
Let p(u) = -10*u - 72. Give p(-7).
-2
Let g(c) = 37*c + 513. Calculate g(-17).
-116
Let d(z) = -z**3 - 23*z**2 - 8*z - 90. Calculate d(-23).
94
Let c(q) = 10*q - 119. Determine c(36).
241
Let j(l) = 3421*l + 27397. Calculate j(-8).
29
Let p(v) = -4*v**2 - 189*v - 1868. Determine p(-14).
-6
Let x(f) = -23*f + 1222. What is x(45)?
187
Let o(i) = -i**3 - 20*i**2 + i - 89. What is o(-20)?
-109
Let j(p) = -97*p + 80. What is j(-9)?
953
Let n(m) = -13*m**2 - 61*m - 616. What is n(-11)?
-1518
Let p(q) = -q**3 - 45*q**2 - 34*q + 402. Calculate p(-44).
-38
Let j(r) = r**2 - 53*r - 200. Determine j(-4).
28
Let r(x) = 19*x**2 - 309*x - 600. What is r(18)?
-6
Let o(c) = 512*c - 26. What is o(1)?
486
Let s(h) = 5*h**2 - 43*h - 17. Determine s(9).
1
Let f(v) = -5*v**3 + 4*v**2 - 10. Give f(-3).
161
Let x(b) = -28*b - 52. Determine x(7).
-248
Let k(m) = -2*m**3 + 15*m**2 + 51*m - 408. Give k(7).
-2
Let n(l) = 45*l**2 + 1817*l + 681. What is n(-40)?
1
Let v(u) = -u**3 + 20*u**2 + 10*u - 264. What is v(20)?
-64
Let n(k) = -919*k + 4565. Calculate n(5).
-30
Let n(r) = -r**2 + 323*r - 315. Determine n(322).
7
Let p(a) = a**3 + 7*a**2 - 4*a + 47. Give p(-9).
-79
Let l(h) = -93*h + 1849. Determine l(20).
-11
Let w(b) = -232*b - 2779. What is w(-12)?
5
Let r(z) = -z**3 - 6*z**2 - 150*z + 1015. Determine r(5).
-10
Let a(y) = 6*y - 91. What is a(0)?
-91
Let n(w) = w**2 - 1789*w + 224805. Determine n(136).
-3
Let s(v) = -5*v**2 + 103*v - 517. Calculate s(12).
-1
Let x(y) = -y**3 + 67*y**2 - y + 42. Determine x(67).
-25
Let j(a) = -54*a - 1567. Calculate j(-25).
-217
Let h(z) = -16*z**2 - 177*z - 27. What is h(-11)?
-16
Let p(k) = -3*k**3 + 5*k**2 - 39*k + 127. Determine p(4).
-141
Let u(y) = 12*y - 4. Calculate u(-7).
-88
Let l(h) = -6*h**3 - 16*h**2 - 22*h - 8. What is l(-4)?
208
Let d(a) = -2*a**3 + 319*a**2 + 181*a - 3360. What is d(160)?
0
Let z(l) = 1815*l + 19966. Determine z(-11).
1
Let i(s) = -32*s**2 - 188*s + 377. Calculate i(2).
-127
Let f(p) = -185*p - 7631. What is f(-43)?
324
Let x(w) = -660*w - 1304. Calculate x(-2).
16
Let o(l) = 166*l + 5635. Give o(-34).
-9
Let f(l) = l**2 - 6*l - 44. What is f(6)?
-44
Let o(v) = -v**2 + 20*v - 13. What is o(-9)?
-274
Let o(s) = -10*s**2 + 59*s - 70. What is o(4)?
6
Let d(j) = 21*j**3 - 4*j**2 + 217*j - 213. Give d(1).
21
Let z(s) = -2*s**2 - 3*s - 3. Calculate z(-2).
-5
Let x(w) = 15*w**2 - 467*w + 73. What is x(31)?
11
Let w(n) = 773*n + 67246. Calculate w(-87).
-5
Let x(w) = -109*w + 1470. Calculate x(13).
53
Let g(n) = -44*n + 958. Calculate g(22).
-10
Let s(f) = 2*f**3 - 76*f**2 - 2*f - 55. What is s(38)?
-131
Let o(s) = 1087*s + 15226. Give o(-14).
8
Let p(f) = 497*f + 4492. What is p(-9)?
19
Let i(v) = -17*v**2 - 1307*v + 152. Give i(-77).
-2
Let m(u) = 2*u**3 - 2*u**2 - 5*u + 20. Calculate m(2).
18
Let c(i) = -2*i**2 - 14*i + 30. What is c(-8)?
14
Let k(o) = -2*o**3 - 11*o**2 + 55*o + 305. What is k(-5)?
5
Let w(k) = 2*k**2 - 98*k + 1067. Give w(16).
11
Let p(o) = o**3 - 19*o**2 - 114*o + 504. Give p(23).
-2
Let t(g) = 3*g**3 + 53*g**2 + 79*g - 18. Give t(-16).
-2
Let q(z) = 431*z + 748. What is q(-2)?
-114
Let c(y) = y + 193. Calculate c(0).
193
Let o(v) = 2*v**3 - 17*v**2 - 6*v - 46. Calculate o(9).
-19
Let q(b) = -b**3 + 33*b**2 + 17*b - 867. Determine q(33).
-306
Let v(p) = 2*p**2 - 23*p + 17. Calculate v(10).
-13
Let o(p) = p**3 + 4*p**2 - 48*p + 295. Give o(-11).
-24
Let y(d) = 21*d**2 + 173*d + 42. What is y(-8)?
2
Let r(m) = -2*m**2 + 49*m - 198. What is r(19)?
11
Let v(m) = 1602*m + 4821. What is v(-3)?
15
Let b(x) = 70*x + 1180. Give b(-17).
-10
Let j(r) = 74*r**2 - 2*r + 2. Calculate j(2).
294
Let u(j) = j**2 - 18*j - 36. What is u(20)?
4
Let p(w) = 21*w + 190. Calculate p(-10).
-20
Let y(p) = -2*p**3 + 25*p**2 + 79*p - 57. Determine y(15).
3
Let m(n) = 168*n + 286. Determine m(-2).
-50
Let g(w) = 60*w + 14. Calculate g(-3).
-166
Let r(d) = -d**2 + 29*d - 165. Calculate r(20).
15
Let h(a) = -2*a**2 - 7*a + 8. Give h(1).
-1
Let v(z) = z**2 + 6*z - 5. Calculate v(-4).
-13
Let w(m) = -1891*m + 60508. What is w(32)?
-4
Let g(b) = -17*b**2 - 496*b - 15. Calculate g(-29).
72
Let u(f) = -3*f**3 - 44*f**2 + 6*f - 92. Calculate u(-15).
43
Let t(x) = -4*x**2 - 3724*x + 3722. Give t(1).
-6
Let k(i) = -18*i**3 + 214*i**2 + 19*i - 11. Determine k(12).
-71
Let j(o) = -2*o**2 - 87*o - 74. Determine j(-44).
-118
Let x(d) = -18*d**2 - 14*d + 64. Determine x(3).
-140
Let p(a) = -9954*a + 59714. Determine p(6).
-10
Let b(z) = -13*z**2 - 2162*z + 1508. What is b(-167)?
5
Let o(y) = -y**2 + 1096*y + 20043. Give o(-18).
-9
Let y(b) = 2455*b - 157111. Determine y(64).
9
Let u(q) = q**3 - 45*q**2 - 166*q - 5. Determine u(-3).
61
Let n(r) = 559*r - 2771. Determine n(5).
24
Let a(i) = -3*i**2 - 308*i - 198. Determine a(-102).
6
Let s(n) = -n**3 + 23*n**2 - 31*n + 67. Give s(21).
298
Let w(h) = h**3 + 8*h**2 + 19*h + 21. Calculate w(-5).
1
Let f(m) = m**3 + 54*m**2 + 170*m + 833. Give f(-51).
-34
Let m(h) = -2*h**2 - 22*h + 116. Calculate m(4).
-4
Let y(l) = -3*l**2 + 97*l + 194. Determine y(34).
24
Let d(f) = f**3 - 3*f**2 + 11*f - 3. Give d(3).
30
Let b(t) = -2*t**3 - 17*t**2 - 23*t - 157. Determine b(-8).
-37
Let g(n) = -602*n - 112. Give g(-1).
490
Let h(x) = 5*x**3 + 60*x**2 + 22*x + 67. Determine h(-12).
-197
Let k(l) = 7*l**3 + 43*l**2 + 6*l - 3. What is k(-6)?
-3
Let n(c) = -c**3 + 9*c**2 - 28*c + 21. What is n(8)?
-139
Let j(a) = a**3 - 22*a**2 + a - 36. What is j(22)?
-14
Let i(c) = 133*c**2 - 681*c + 8. Determine i(5).
-72
Let p(l) = -283*l + 3680. Calculate p(13).
1
Let n(f) = 156*f - 1043. Calculate n(7).
49
Let l(j) = -j**3 - 76*j**2 - 1001*j + 102. What is l(-59)?
-16
Let j(o) = 72*o + 1302. Determine j(-16).
150
Let b(t) = -t**3 + 5*t**2 + 2*t - 32. What is b(5)?
-22
Let r(b) = 2*b**3 - 10*b**2 + 6*b - 40. What is r(5)?
-10
Let a(u) = -u**3 + 2*u**2 + 213*u - 829. What is a(4)?
-9
Let q(w) = w**2 - 35*w + 264. What is q(15)?
-36
Let p(y) = 2*y**3 - 10*y**2 + 7*y - 16. Give p(7).
229
Let o(m) = 2*m**3 - 10*m**2 - 172*m + 954. Determine o(6).
-6
Let m(b) = 4*b**2 - 28*b + 58. Give m(7).
58
Let k(x) = -44*x**2 + 259*x + 27. What is k(6)?
-3
Let g(y) = -y - 31. Calculate g(-20).
-11
Let r(w) = 164*w + 352. Determine r(-2).
24
Let l(j) = 3*j**2 + 826*j - 17728. Calculate l(20).
-8
Let w(p) = -3*p**2 + 103*p - 517. Give w(6).
-7
Let d(u) = 8*u**2 + 125*u - 165. What is d(-17)?
22
Let k(n) = -n**3 + 5*n**2 + 12*n - 1. What is k(6)?
35
Let h(w) = 1419*w + 9924. Calculate h(-7).
-9
Let d(s) = -s**2 - 27*s + 145. What is d(5)?
-15
Let l(j) = -j**3 - 51*j**2 - 386*j + 23. What is l(-9)?
95
Let r(q) = 55*q - 7. Determine r(-4).
-227
Let l(u) = -u**3 + 73*u - 125. Determine l(2).
13
Let o(x) = -28*x**2 - 1689*x - 526. Determine o(-60).
14
Let n(s) = 2*s**2 - 139*s + 1087. Determine n(9).
-2
Let o(c) = c**3 - 12*c**2 + 14*c - 1. What is o(2)?
-13
Let p(j) = -j**3 - 94*j**2 - 179*j + 455. Determine p(-92).
-5
Let a(c) = -424*c - 2980. Give a(-7).
-12
Let j(q) = 11*q + 54. Calculate j(0).
54
Let d(k) = -14*k**2 + 845*k - 106. Give d(60).
194
Let w(z) = 2*z**2 + 6*z - 726. What is w(-21)?
30
Let s(g) = -60*g**2 + 11*g + 2. Determine s(-1).
-69
Let k(i) = -4*i**3 - 78*i**2 + 34*i - 111. Calculate k(-20).
9
Let i(m) = -m**3 + 8*m**2 + 9*m + 18. Determine i(9).
18
Let n(f) = -f**2 + 34*f + 56337. What is n(-221)?
-18
Let z(k) = -95*k - 512. Determine z(-8).
248
Let l(s) = -s**3 + 44*s**2 - 297*s - 635. Determine l(35).
-5
Let t(r) = r**3 + 11*r**2 + 34*r + 7. Determine t(-5).
-13
Let c(t) = t**2 + 81*t - 26081. Give c(126).
1
Let h(z) = 10*z**2 - 2966*z - 1194. Calculate h(297).
-6
Let j(x) = 74*x + 1. Calculate j(2).
149
Let v(l) = -3*l**2 + 149*l + 524. What is v(53)?
-6
Let y(v) = v**2 + 40*v - 447. Calculate y(9).
-6
Let w(d) = -57*d - 118. Calculate w(-2).
-4
Let y(w) = -w**3 + 41*w**2 - 182*w + 8. Give y(5).
-2
Let o(w) = 18*w**2 - 444*w - 89. What is o(25)?
61
Let y(x) = 82*x - 3673. Determine y(44).
-65
Let k(h) = h**3 + 86*h**2 - 77*h + 923. What is k(-87)?
53
Let j(b) = b**3 - b**2 + 11*b - 48.